actors of 164417133?
3, 23, 2382857
What are the prime factors of 8274567333?
3, 1117, 2469283
What are the prime factors of 83760414?
2, 3, 229, 60961
What are the prime factors of 129005653?
7, 18429379
List the prime factors of 97556695.
5, 887, 21997
List the prime factors of 318242525.
5, 193, 65957
What are the prime factors of 144832677?
3, 11, 4388869
List the prime factors of 301740758.
2, 11, 2531, 5419
List the prime factors of 572955746.
2, 11, 26043443
List the prime factors of 2393250650.
2, 5, 7, 17, 37, 1553
List the prime factors of 1085767055.
5, 613, 354247
List the prime factors of 35735078.
2, 17867539
List the prime factors of 57403316.
2, 14350829
List the prime factors of 45332743.
45332743
List the prime factors of 1039699914.
2, 3, 11, 15753029
What are the prime factors of 31067880?
2, 3, 5, 199, 1301
What are the prime factors of 36527868?
2, 3, 13, 26017
What are the prime factors of 7881124?
2, 19, 103699
What are the prime factors of 2156559309?
3, 4447, 5987
What are the prime factors of 28089204?
2, 3, 11, 13, 16369
List the prime factors of 1278286578.
2, 3, 3187, 22283
What are the prime factors of 118537559?
7, 179, 94603
List the prime factors of 5195480.
2, 5, 129887
What are the prime factors of 624716714?
2, 17, 101, 109, 1669
List the prime factors of 80838869.
109, 741641
What are the prime factors of 394968960?
2, 3, 5, 19, 401
List the prime factors of 136755244.
2, 34188811
What are the prime factors of 650369327?
941, 691147
What are the prime factors of 292278009?
3, 43, 2265721
List the prime factors of 50202790.
2, 5, 11, 23, 19843
What are the prime factors of 28496426?
2, 7, 73, 27883
List the prime factors of 684939792.
2, 3, 17, 31, 27077
What are the prime factors of 56168781?
3, 359, 52153
What are the prime factors of 227040568?
2, 193, 147047
List the prime factors of 2747741981.
19, 2957, 48907
List the prime factors of 13953473.
13953473
What are the prime factors of 97179794?
2, 19, 709, 3607
List the prime factors of 39069136.
2, 103, 151, 157
List the prime factors of 20291680.
2, 5, 126823
List the prime factors of 542286693.
3, 13, 356533
List the prime factors of 546680707.
546680707
What are the prime factors of 173464600?
2, 5, 17, 163, 313
What are the prime factors of 1633221912?
2, 3, 7, 19, 89, 5749
List the prime factors of 94429566.
2, 3, 7, 11, 9733
List the prime factors of 100879024.
2, 41, 103, 1493
List the prime factors of 72230329.
29, 2490701
List the prime factors of 3110971559.
17, 23, 251, 31699
List the prime factors of 1410180678.
2, 3, 131, 66449
List the prime factors of 3195721618.
2, 491, 3254299
What are the prime factors of 143527159?
19, 7554061
List the prime factors of 2780655393.
3, 926885131
What are the prime factors of 895292?
2, 223823
List the prime factors of 64134083.
13, 103, 211, 227
List the prime factors of 26241285.
3, 5, 7, 17, 61, 241
List the prime factors of 270700542.
2, 3, 7, 47, 1693
What are the prime factors of 918188613?
3, 102020957
List the prime factors of 82701734.
2, 37, 1117591
List the prime factors of 8659258904.
2, 61, 283, 62701
What are the prime factors of 44384572?
2, 23, 482441
What are the prime factors of 309428004?
2, 3, 25785667
What are the prime factors of 3506025836?
2, 131, 1571, 4259
List the prime factors of 238391151.
3, 947, 83911
List the prime factors of 847413621.
3, 463, 203363
What are the prime factors of 98070729?
3, 41, 103, 7741
List the prime factors of 933316950.
2, 3, 5, 6222113
What are the prime factors of 23049954?
2, 3, 29, 41, 359
What are the prime factors of 1050551769?
3, 350183923
What are the prime factors of 51833278?
2, 7, 528911
What are the prime factors of 14096085?
3, 5, 939739
List the prime factors of 64865222.
2, 479, 67709
List the prime factors of 94595720.
2, 5, 439, 5387
List the prime factors of 479970163.
17, 313, 90203
What are the prime factors of 3034060318?
2, 23, 65957833
List the prime factors of 4148250426.
2, 3, 4729, 48733
What are the prime factors of 26319768?
2, 3, 613, 1789
What are the prime factors of 116388856?
2, 1951, 7457
What are the prime factors of 128855046?
2, 3, 41, 523801
What are the prime factors of 100693462?
2, 50346731
List the prime factors of 202829231.
11, 97, 190093
What are the prime factors of 252414652?
2, 7, 9014809
What are the prime factors of 485428581?
3, 11, 4903319
What are the prime factors of 162276013?
162276013
List the prime factors of 28177839.
3, 3130871
What are the prime factors of 406874537?
406874537
List the prime factors of 2702091288.
2, 3, 13, 47, 103, 1789
What are the prime factors of 45244409?
7, 47, 113, 1217
What are the prime factors of 30171952?
2, 23, 163, 503
What are the prime factors of 110159796?
2, 3, 17, 19, 97, 293
List the prime factors of 4874784401.
3373, 1445237
What are the prime factors of 135853908?
2, 3, 11321159
What are the prime factors of 350416805?
5, 5107, 13723
What are the prime factors of 8100670?
2, 5, 17, 2803
What are the prime factors of 12189502?
2, 13, 37, 12671
List the prime factors of 2223814394.
2, 1111907197
What are the prime factors of 355336725?
3, 5, 31, 152833
List the prime factors of 38960623.
13, 43, 69697
What are the prime factors of 76026353?
13, 19, 31, 9929
List the prime factors of 358765088.
2, 11, 41, 24859
List the prime factors of 1180585.
5, 7, 89, 379
List the prime factors of 39315413.
39315413
List the prime factors of 46844777.
7, 6692111
What are the prime factors of 1131239741?
1597, 708353
List the prime factors of 762689993.
13, 31, 1892531
List the prime factors of 48084911.
7, 6869273
List the prime factors of 68199633.
3, 97, 78121
What are the prime factors of 2053808281?
7, 293401183
List the prime factors of 62852227.
1039, 60493
List the prime factors of 76697959.
13, 109, 113, 479
What are the prime factors of 79681189?
7, 61, 191, 977
List the prime factors of 2982421.
13, 383, 599
What are the prime factors of 1321051918?
2, 31, 2333, 9133
List the prime factors of 1618567283.
271, 1201, 4973
What are the prime factors of 1288567934?
2, 644283967
What are the prime factors of 1103727563?
24071, 45853
List the prime factors of 79211549.
41, 1931989
List the prime factors of 46345792.
2, 724153
What are the prime factors of 1705974171?
3, 11, 241, 214507
List the prime factors of 3443049271.
3443049271
What are the prime factors of 517422600?
2, 3, 5, 95819
What are the prime factors of 348058397?
19, 18318863
What are the prime factors of 6352593?
3, 13, 19, 8573
List the prime factors of 176033378.
2, 3779, 23291
List the prime factors of 2736585173.
7, 383, 145819
List the prime factors of 3366155466.
2, 3, 991, 188707
What are the prime factors of 56126940?
2, 3, 5, 281, 3329
List the prime factors of 1304686.
2, 652343
List the prime factors of 96828947.
281, 344587
What are the prime factors of 45412971?
3, 23, 658159
What are the prime factors of 93007710?
2, 3, 5, 43, 8011
List the prime factors of 74329188.
2, 3, 6194099
What are the prime factors of 617182923?
3, 7, 29389663
What are the prime factors of 1066045407?
3, 7, 19, 2671793
List the prime factors of 146458006.
2, 1423, 51461
What are the prime factors of 16806485?
5, 3361297
What are the prime factors of 46320168?
2, 3, 1201, 1607
List the prime factors of 244525388.
2, 107, 571321
What are the prime factors of 8518500?
2, 3, 5, 631
List the prime factors of 76939327.
113, 680879
What are the prime factors of 40880488?
2, 11, 29, 83, 193
What are the prime factors of 217993103?
23, 163, 58147
List the prime factors of 1306425864.
2, 3, 19, 2864969
List the prime factors of 41071372.
2, 10267843
List the prime factors of 4170360.
2, 3, 5, 23, 1511
List the prime factors of 5862996.
2, 3, 54287
What are the prime factors of 2983708230?
2, 3, 5, 109, 912449
What are the prime factors of 716540017?
19961, 35897
List the prime factors of 62792326.
2, 271, 115853
List the prime factors of 333478735.
5, 66695747
What are the prime factors of 4884655?
5, 173, 5647
List the prime factors of 2333681550.
2, 3, 5, 31, 55763
List the prime factors of 61292057.
61292057
List the prime factors of 225612674.
2, 7, 179, 197, 457
What are the prime factors of 2301791382?
2,